61
Let v(f) = -6*f**2 - 6*f + 6. Let j be v(4). Let o be (231/(-3))/7 + -2 + 6. List the prime factors of j/o - (3 + 38/(-14)).
2
Let h(z) = z**3 + 8*z**2 - 5. Let q be h(-8). Let s = -155 + 62. Let t = q - s. What are the prime factors of t?
2, 11
Let n(f) = -2*f**3 + f**2 + 7*f - 29. Let a be n(-8). Suppose 3*x - a - 1263 = -5*c, -3*x = c - 2270. List the prime factors of x.
757
Suppose -25*b + 864 = -16*b. Let a = b + -12. List the prime factors of a.
2, 3, 7
Let x = -2685 + 2906. Let s = 20 + 187. Suppose 2*c - x = s. List the prime factors of c.
2, 107
Let z = 10315 + -3881. What are the prime factors of z?
2, 3217
Let j = 60905 + -15533. What are the prime factors of j?
2, 3, 19, 199
Suppose 2734 = 5*k + 3*i + 243, i = -3. Let j = k + -242. What are the prime factors of j?
2, 3, 43
Suppose -75 = -q - 3*o - 13, 0 = q + o - 66. Suppose l + q = -37. Let i = l - -152. List the prime factors of i.
47
Suppose 24*m = 29*m - 180. Let c = m - -59. What are the prime factors of c?
5, 19
Suppose -p + 3*s + 6 = -2*p, -4*p - 3*s - 33 = 0. Let w be (-5)/1*9/p. Let y(r) = r**3 - 2*r**2 + 9*r - 11. List the prime factors of y(w).
109
Suppose -3*k - 5*j = 25, -3*k + 2*j = -0*k + 11. Let w = k + 10. Suppose -w*p + 15 + 12 = 2*v, -4*p = -5*v - 48. What are the prime factors of p?
7
Suppose 271307 = 5*u - o + 86842, 0 = 2*o - 10. What are the prime factors of u?
2, 3, 11, 13, 43
Let z(c) = 2*c**3 + 13*c**2 - 239*c - 196. List the prime factors of z(22).
2, 3, 7, 17, 31
List the prime factors of (-7932 - 0)/(7/15 - (-28)/(-42)).
2, 3, 5, 661
Let l(z) = -5*z**3 - 32*z**2 + 37*z + 559. What are the prime factors of l(-20)?
41, 659
Let p(s) = 9*s - 9. Suppose j - 30 = -5*w - 2, -5*w = -j - 22. Let m = 16 - j. What are the prime factors of p(m)?
2, 3
Suppose -189*a + 183*a - 150 = 0. List the prime factors of 14770/50 + 10/a.
5, 59
Let y(l) = -64*l + 439. List the prime factors of y(-25).
2039
Suppose 0 = -2*q - 4*g - 18, q - 5*g = -2*q + 28. List the prime factors of (0 - 4) + (1359/3 - q).
2, 7
Let z(b) = -b**3 + 41*b**2 - 17*b + 7. Let k be z(40). Suppose 716 = u - k. What are the prime factors of u?
31, 53
Suppose 0 = 60*z - 113003 - 253417. What are the prime factors of z?
31, 197
Suppose 63 = 5*q + 13. Let w be (-414)/(-30) - (-2)/q. Let y(n) = -n + 36. List the prime factors of y(w).
2, 11
Suppose -5*j + 3*h + 11214 = 0, -63*j + 2*h = -58*j - 11211. What are the prime factors of j?
3, 83
Let h be 3 + (5 - 2)*-1. Suppose 50 = 2*s - 5*t + 3*t, 2*t + 10 = h. Suppose 6*l - s = 5*l. List the prime factors of l.
2, 5
Suppose 16*d - 11*d = -5. Let b be ((-18)/(-4))/(2/4*d). Let m(w) = 2*w**2 + 8*w - 6. List the prime factors of m(b).
2, 3, 7
Suppose 0 = -28*i - 4594 + 26434. List the prime factors of i.
2, 3, 5, 13
Let c = 380 + -1114. What are the prime factors of (c/12 - -5)*-6?
337
Suppose -8*d - 4*u + 10063 = -7*d, -5*d = -u - 50231. List the prime factors of d.
3, 17, 197
Let b(q) = -8*q + 6. Let f be 6/(-18) + 28/(-6). List the prime factors of b(f).
2, 23
Let d be 2/9 - (-736)/9. Suppose 34 = 5*b - 4*p - 51, -3*p + 11 = 2*b. Let a = b + d. List the prime factors of a.
5, 19
Let d(r) = -38*r - 46. Suppose 5*n = 15*n + 50. Let p(l) = 74*l + 93. Let b(o) = n*d(o) - 3*p(o). What are the prime factors of b(-6)?
11, 13
What are the prime factors of 10790/234*228 + 2/(-12)*-4?
2, 7, 751
Suppose 5*c + k = -25, 4*c = 2*k - 0*k - 34. List the prime factors of 28*c/(-20)*(-165)/(-18).
7, 11
Let j = -173 - -177. Suppose 418 = j*b - 2*t, -109 = -b - 4*t + 9*t. What are the prime factors of b?
2, 13
Let c(o) = -62*o + 76. Let b be (-4 - (-16 + 6)) + -17. List the prime factors of c(b).
2, 379
Suppose -15 = 5*y - 10*y. What are the prime factors of (1 + y)*2512/64?
157
Let l(h) = h**2 - 9. Let g be l(-3). Suppose -7*v + 8*v + 189 = z, -3*z - 4*v + 532 = g. What are the prime factors of z?
2, 23
Suppose 402 = 4*v - 2*k - 350, 0 = -4*v + 3*k + 750. Let j be (2/(-5))/(4/(-40)). Suppose -j*p + v = -p. What are the prime factors of p?
3, 7
Let k(q) = -2*q**3 + 56*q**2 - 30*q - 157. List the prime factors of k(22).
7, 23, 31
Let l(x) = 87*x + 1916. Let b be l(-22). Let u(y) = y**2 + y - 1. Let w be u(-5). List the prime factors of w/((1/13*2)/b).
13, 19
Let m(v) = -71*v - 48. Let s be (-3)/(-4)*20/(-3). What are the prime factors of m(s)?
307
Let t = -32 + 61. Let p(j) = 11*j - 17. What are the prime factors of p(t)?
2, 151
Suppose -33 = 4*x - 177. Suppose -4*j - j + 45 = 3*a, -4*j - 5*a = -x. Suppose j*o - 543 - 393 = 0. List the prime factors of o.
2, 13
Let z(m) = -m + 38. Let w be z(4). Let p be (-1 + (-27 - 2))*w/6. What are the prime factors of (-15)/2*(-17)/(p/(-276))?
3, 23
Suppose w - 3*w - 5*n - 80 = 0, 5*w - 2*n + 142 = 0. Let h(r) = r**3 + 2*r**2 - 13*r + 23. Let m be h(3). Let p = m - w. What are the prime factors of p?
59
Let x(p) = -2*p - 48. Suppose 114 + 236 = -14*r. Let l be x(r). Suppose 3*y + 3*v - 777 = 0, 5*y - 1263 = v + l*v. List the prime factors of y.
3, 5, 17
List the prime factors of ((-2)/(-30)*5*18)/((-20)/(-119580)).
2, 3, 1993
Suppose 11657*y = 11645*y + 68520. What are the prime factors of y?
2, 5, 571
Suppose 7617 + 19974 = 17*h. Suppose 0 = -5*q + 20, -4*c - 2*q + 1729 = -h. List the prime factors of c.
2, 11, 19
Suppose -21*g - 2772 = -0*g. What are the prime factors of (-99)/g - (-745)/4?
11, 17
Suppose 0 = -55*k - 2*k + 191185 + 179087. What are the prime factors of k?
2, 7, 29
Suppose 0*i + 167478 = 18*i + 85*i. What are the prime factors of i?
2, 3, 271
Suppose -10*i + 9*i = -6. List the prime factors of (40/i - 6)*453/2.
151
Let r(m) = 162*m + 1528. What are the prime factors of r(18)?
2, 11, 101
List the prime factors of 2046/(-297)*2502/(-4).
31, 139
Suppose -75*c + 73*c + 4 = 0. Suppose -i = x - 364, -3*i + 596 + 135 = c*x. What are the prime factors of x?
19
Suppose -2*f + 71 = 55. Let g be (-26)/f*-6 + (-8)/(-16). Suppose 0 = s - 3 - g. List the prime factors of s.
23
Suppose 90644 = 4*n + 16*r, -5*n = 4*r - 94052 - 19269. List the prime factors of n.
3, 5, 1511
Let k(n) = -n**2 + 10*n + 25. Let z be k(-5). Let v = -152 + z. Let j = 460 + v. What are the prime factors of j?
2, 3, 43
Let x be 1 + -3 + (5 - 2). Let a be (17/3 - 3)/(x/147). Let s = -175 + a. List the prime factors of s.
7, 31
Let v = -51 + 57. Suppose 2*m - v*m + 5*c = -89, -1 = c. Suppose -m = -5*n + 319. List the prime factors of n.
2, 17
Let r be (144/(-27))/(3/(-999)*2). Suppose -4*b + 3792 = 4*l + r, 3*b + l - 2182 = 0. What are the prime factors of b?
2, 7, 13
Let a be (-109)/(-3) - 9/27. Let z(q) = 16*q + 22. Let o be z(-1). Let k = a + o. What are the prime factors of k?
2, 3, 7
Let k be (-4424)/(-64) + -1*(-2)/(-16). Let s = 72 - k. Suppose -4*h + 323 = -s*o, -h + 258 = 2*h + 3*o. What are the prime factors of h?
83
Suppose -2*k + 3*m = 3, m - 7 = -2. Let o(v) = 5*v + 1 - 20*v**2 + 67*v**2 - 22*v**2 - 6 - 19*v**2. What are the prime factors of o(k)?
241
Let c(s) = s**2 + 15*s + 21. Let y = -9 - -10. Suppose o + 2 + 12 = 3*m, -m = y. What are the prime factors of c(o)?
5, 11
Suppose -28*q = -127 - 13. Suppose 2*i = -77*m + 79*m - 3086, q*m - i = 7711. What are the prime factors of m?
2, 3, 257
Let r(i) = -i**3 - 12*i**2 + 2*i - 1. Let m be r(-12). Let h = -80 - -52. Let n = m - h. What are the prime factors of n?
3
Let a be (-7 - (4 + -7)) + 4 - -575. Suppose -4*x = -689 - a. List the prime factors of x.
2, 79
Suppose -2*f - 33173 = -5*b, 0 = 2*b - f - 113 - 13156. List the prime factors of b.
5, 1327
Let q(v) = 107*v**2 + 193*v + 973. List the prime factors of q(-5).
2683
Let g = -522 + 60. Let d be 35/2*g/(-35). Let k = d - 165. List the prime factors of k.
2, 3, 11
Suppose -6*h + 4*h = 4. Suppose q + 747 - 820 = 0. List the prime factors of (h/(-3))/((-1)/3) + q.
71
Let u = -1030 - -1824. Suppose -3*j - 3*d + u + 463 = 0, -4*j - d + 1664 = 0. What are the prime factors of j?
5, 83
Suppose 0 = -4*v + p + 13, 0 = -21*v + 23*v + 5*p - 23. Suppose 0 = 5*f + 15, 91 = -3*g + v*f + 691. List the prime factors of g.
2, 7
Suppose 0 = 6*g - 4*g - 4*q + 6, 3*g - 3 = 2*q. Let z = -27 - -18. What are the prime factors of ((-246)/z + 3)*g?
7, 13
Suppose 19*r + 62850 = 202785. What are the prime factors of r?
3, 5, 491
Suppose -146*v + 135*v + 220 = 0. Let m(g) = 55